 0) + 33 + -28 + (-29 - -37).
37
What is 15 + (13 + 1 - 9) + -24?
-4
Calculate 0 + 14 - (74 - 25 - (76 - 0)).
41
What is -24 + 111 + -68 - 78?
-59
What is the value of -14 + 0 + (164 - (74 + 81)) + (27 - 1)?
21
Evaluate 0 + -16 - (-2 - ((-40 - -42) + -1 + -13)).
-26
-1 - (31 - 18 - (9 - 12 - -3))
-14
7 + -11 + -2 - (6 + 4 - 2)
-14
What is 0 + 1 + 54 - (3 + 31 - (-11 - -38))?
48
What is 76 + (32 - 91) + -28?
-11
Evaluate (8 - 4 - (0 + -1)) + (423 - 412).
16
What is the value of 66 - ((7 - (-8 - 10)) + -2)?
43
23 + 3 + -1 - (-60 + 128)
-43
What is 55 + -48 - (12 + -4 + -16 - (-1 + -66))?
-52
Evaluate 12 + -1 - (977 + -925 + (2 - 7)).
-36
Calculate -6 + 45 + (1257 - 1229).
67
Calculate -3 + 1 + -18 + (-50 - (85 + -45)).
-110
Evaluate -16 + (-31 - -48) + (-19 - -2).
-16
9 + -9 + 10 + 3 + 3 + 45 + 10
71
What is the value of 20 - (21 + 1 - (239 + -322)) - -19?
-66
Calculate -23 - (24 + -7 + -6 + -94).
60
What is the value of (13 - 12) + -14 + -5 + (39 - 48)?
-27
-9 + (14 - (3 - 14)) + (-13 - -9) - -61
73
What is 605 - 570 - (-2 + 4 + -16)?
49
-6 + 10 - (47 - 59 - (1 + -138))
-121
What is the value of 70 + (-30 - -47 - 57)?
30
What is -41 + (31 - (-123 + 57))?
56
Calculate (8 - (11 + 12 - 4)) + 9 - (0 + -48).
46
Calculate -19 + -45 + (42 - 9).
-31
What is 109 + (213 + -100 - 251)?
-29
What is 34 - (15 - ((-15 - 5) + 22))?
21
What is (17 + (-13 - 75) - -20) + -3 + -10?
-64
Evaluate (3 + -2 + 16 - (-5 + 12)) + 3 + -7.
6
What is the value of 3 - (28 + -6 + -5 - (94 - 100))?
-20
Calculate 13 + (-22 - (-3 + 7)) + (23 - 16) + -6.
-12
What is -71 - -49 - (-1 - (6 + -11 + 2))?
-24
What is (-2 - (27 + -51)) + -14 + 2 + 64?
74
Evaluate (-795 + 792 - (6 - (3 + -3))) + 2 + -18.
-25
(21 + 80 + -46 - 33) + -24
-2
Calculate -88 - -54 - ((-35 - -38) + (9 - -1)).
-47
What is the value of (-64 - -86) + 59 + 30?
111
Evaluate 6 - ((71 - (-4 - 1)) + 2) - (124 + -121).
-75
Calculate -238 + 232 + 1 + (-2 - 1) + (79 - 54).
17
68 + 36 - (-10 - -36) - -35
113
(-2 - (-7 + 2)) + (-50 + 114 - 14)
53
What is 64 + (-98 - -54) + 4?
24
What is (-21 - -10) + -28 - (-10 + 3 + 1)?
-33
What is the value of (-85 - (-77 + 20)) + 62?
34
Evaluate 20 + -6 + -1 - ((-1 - 23) + (16 - 4)).
25
28 + 367 + -297 - (9 - -1 - 0)
88
-5 + (-4 - 3) - ((14 - 7) + 4)
-23
What is 16 - (-32 + -15 + 33)?
30
What is (-13 - (-33 - 8) - 16) + -33 + 18?
-3
What is -8 - (-8 - 27) - 17 - (-1 + -10)?
21
What is -12 + -18 + (168 - 33 - 26)?
79
Calculate 1 + -76 + (48 - (106 - 62)).
-71
Calculate 43 + (318 - 380) + 37 + 4.
22
38 + 2 - (103 - (5 - -113))
55
What is 1 - 22 - (-297 + (-160 - -339))?
97
What is 3 - -24 - 16 - (-2 - (3 + (-3 - -6)))?
19
Evaluate -15 + (-16 - (13 + -14)) + -27 + 19.
-38
(22 - (0 - 1)) + -46682 + 46666
7
3627 + -3707 - (4 - 131)
47
-16 - ((12 - -12) + -2 - 76)
38
Evaluate (-133 - 0) + (-771 - -862).
-42
9 + (-9 - -5) - ((-1 - -6) + (-24 - -66))
-42
What is 2 - 4 - -4 - (91 - (-5 + 86))?
-8
2 - -31 - (-261 - (-110 - 64))
120
-34 - (7 - (29 + (-20 - (3 - 15))))
-20
Calculate -30 - (0 + (29 - 0) + -21).
-38
Evaluate 113 + -1 + -9300 + 9085.
-103
Evaluate -1 - -56 - (0 + 5 + (-36 + 7 - -25)).
54
What is -16 - (-23 - (-18 - 3)) - (5 + 8)?
-27
What is -4 - 13 - (76 - 104) - 7?
4
(-19 - (-29 - (-15 + 0))) + -5
-10
What is 88 + (-17 - -9 - -8 - (18 - 13 - 12))?
95
What is the value of -52 + (-42 - (19 - 93))?
-20
120 + (160 + -68 - 161)
51
Calculate -74 + 59 - ((-30 - 2) + 13).
4
What is the value of 96 + 104 + -104 - -52?
148
Calculate -4112 + 4121 - (1 + -3 + 30).
-19
Calculate -253 + 215 + (12 - 1) - -30.
3
What is the value of -12 + 44 + -26 + 14 - (0 + -6)?
26
What is (25 - -7) + -27 + 8 + 33 + -2?
44
Calculate -14 + 15 + 4 + -174 + 136.
-33
What is 1 - (-53 + 10 - -36)?
8
What is the value of 9 + (2 - (-1 + 4)) + 1433 + -1434 - -16?
23
Calculate (-16 + 15 - 29) + (4 - 53).
-79
What is 11 + (15 - 31) + -12 + 13?
-4
Evaluate -18 + 4 + 9 + (2 - (9 + -4)) + 51.
43
Evaluate ((-4 - -9) + 6 - (12 + (-23 - -20))) + -34.
-32
What is the value of 1 + -2 + (-11 - 18 - -44)?
14
12 - (8 - ((-14 - 3) + 13) - 33)
33
What is the value of (3 - -6) + -1 + 47 + (2 - 16)?
41
(-208 + 204 - (2 + -23)) + -2 + -94
-79
What is the value of -1 - -1 - (-30 + 8 - -17) - -8?
13
What is the value of -3 + (10 - -63) + -125?
-55
Calculate (-21 + 21 - (4 + -4 + (-7 - -14))) + 33.
26
Evaluate (-12 - (-7 - (21 + -17)) - (5 - -2)) + -43.
-51
-1 + -30 - (-149 + (-27 - -233))
-88
Evaluate -8 + 6 + -2 + 23 + -7 - (-2 + 7).
7
(2229 - 2325) + (-5 - -24)
-77
What is the value of 15 + (-21 - -8 - -6) + (2 - 10)?
0
What is the value of (3 + -6 - 1) + -3 - (-19 - 2 - -34)?
-20
Calculate 2 + 0 + (229 - 217) - 17 - (1 - -42).
-46
Evaluate -35 + (-3 + -37 - -23 - -43).
-9
190 - 107 - (8 + 143)
-68
What is the value of (2 - (1 + -27)) + (76 - 10) + -48?
46
Evaluate -193 - -73 - -109 - (1 + 7).
-19
Calculate 38 + -17 + (-44 - 4) + 34.
7
What is 19 + 18 + -22 + (8 - -25)?
48
Evaluate 23 + 0 - (-47 + (154 - (7 + 58))).
-19
Evaluate -4 + -32 + 7 + 17 - (-1 + 29).
-40
5 - (12 - 24 - (-1 + 3)) - -4
23
What is the value of -3 + (18 + 1 - (-1015 + 1071))?
-40
What is (-1846 - -1840) + 35 + 0 - 125?
-96
What is the value of 2 + -3 + (11 + -36 - (-90 + -3))?
67
What is -92 - ((8 - (-37 + 61)) + 20)?
-96
What is the value of (235 - 227) + (-3 - 10)?
-5
Evaluate 14 + -3 + (-7 - (58 + -19)).
-35
-4 - (27 - 21 - (1 + 1 + 3)) - 10
-15
What is the value of (4163 - 4149) + 3 + 2 + 6?
25
(-3 - -50) + -34 + -44 + 70
39
What is -6 + (14 - 3) + (21 - (14 - 11)) + 8?
31
(-12 - 0) + (4 - -65 - (111 - 137))
83
What is the value of (-9 - (0 + 1)) + (3 - 2) + (-8484 - -8538)?
45
What is the value of -24 - (-55 - (3 - 30 - -26))?
30
Calculate 22 - (-27 + 11 + -1 - 27).
66
Evaluate (2 + -3 - ((52 - (7 - -19)) + -21)) + -11.
-17
What is the value of (-1 - -2 - (15 + -45 + 33)) + -2 - -76?
72
Calculate -57 - (-16 - (-19 + 14 + -12)) - 8.
-66
(-7 - -42 - (32 + -1)) + 1 - (-131 + 0)
136
What is (27 - 20) + (7 + -3 + 4 - -38)?
53
What is -32 + 5 + (-16 - -8 - (-1 + -4))?
-30
-731 + 756 - (-4 + 3 - (0 - (-3 + 6)))
23
Evaluate 45 - (-28 - 40 - -170).
-57
0 + -38 + (-281 + 105 - -175)
-39
Evaluate -15 + (-35 - -52) - 33.
-31
3 + 103 + -100 + (1 - 17)
-10
(-2 - -12 - (-11 + (9 - 21) + 5)) + 2
30
(-12 - -35) + (-4 - (31 - 33))
21
What is the value of -48 - -106 - 55 - 47?
-44
Calculate 8 + (2 - 7) + -7 - (-2 + 2 - 0).
-4
(-11 - 28) + (34 - 23) - -13
-15
Calculate -37 + 32 + -31 + 16 + 18.
-2
Evaluate 55 + 2 - (888 + -798).
-33
-56 + -86 + 59 - -91
8
What is the value of 2 - -23 - (91 + -79 - (0 - 5))?
8
1 + 41 + -62 - 7
-27
Calculate (21 - ((28 - (2 - -21)) + 0 + 0)) + 5.
21
Calculate 21 - (-19 - -54) - -25 - (-1 - 29).
41
What is 57 - (-6 - (-4 + (-40 - -22)))?
41
(-4 - -6) + -1 - 8 - (1 - -10)
-18
What is the value of -90 - (55 + 21 - 46)?
-120
What is (-59 - 0) + 14 + 20 + -14?
-39
What is the value of -11 + -9 + 36 - -3 - 16 - (1 + -30)?
32
10 - (87 - (-62 + 23)) - ((1 - 3) + 5)
-119
Calculate 70 + -16 + (6 + -10 + (-13 - -28) - 5).
60
Calculate 69 - 115 - -74 - (142 - 5).
-109
Evaluate -2 - (-1 - 24 - (53 - 40)).
36
Evaluate -63 + (-79 - -69) + -4 + 21 + 9.
-47
What is the value of (1 - 22) + (-105 - -84) + 21?
-21
What is (117 + -87 - (3 + 46)) + -22?
-41
Evaluate 71 + (8 + -2 - 5) + (2 - 8) + -4.
62
What is the value of (-2330 - -2367) + (1 - -21 - 1)?
58
What is the value of -96 + ((-128 - -123) + (-2 - 7) - (3 - 6))?
-107
What is 0 + 7 - (6 - -122 - (-37 + 39 + 4))?
-115
What is the value of (-16 + 17 - 43) + (1 - 4 - (6 + -15))?
-36
What is 26 - (-29 - (33 + -99 + 45))?
34
What is the value of 12 + (-30 - 0) + -1865 + 1948?
65
What is the value of 26 + -6 - (6 - 22) - 4?
32
Calculate -97 + (14 + 13 - -29).
-41
Calculate -1 + -1 + 40 - 43.
-5
Calculate (28 + -30 - (1 + -41)) + (12 - 10).
40
What is (109 - 79) + 69 - 43?
56
-26 - (-38 - -8) - (-5 - 3) - 1
11
Calculate 20 + (-35 - -11) - ((-12 - -3) + 0 - -89).
-84
Calculate -61 + -12 + 5 + (-5 + -30 - -13).
-90
Evaluate 55 - (22 + (-10 - -14) - 9).
38
What is the value of 137 + -116 + (1 - (3 + 3) - -24)?
40
Evaluate 6 + 0 - (221 - (192 + -4)).
-27
Calculate -27 + -15 + 14 + 6 + -17 + -1 + 3.
-37
What is 30 + (-3 - 16) + 33 + (1 - 1) - 2?
42
What is the value of (-5 - (1 + -5)) + (-12 + 1 - -17) - 79?
-74
Calculate 